{"id":314,"date":"2020-06-05T01:59:32","date_gmt":"2020-06-04T23:59:32","guid":{"rendered":"http:\/\/www.ad-aclille.fr\/wordpress\/?page_id=314"},"modified":"2026-03-26T21:25:06","modified_gmt":"2026-03-26T20:25:06","slug":"314-2","status":"publish","type":"page","link":"https:\/\/ad-aclille.fr\/","title":{"rendered":"Accueil"},"content":{"rendered":"<p style=\"text-align: center;\"><strong><a href=\"https:\/\/ad-aclille.fr\/wp-content\/uploads\/2026\/03\/note-n\u00b016-26-03-26.pdf\" target=\"_blank\">Note d&rsquo;information n\u00b0 16 du 23 mars 2026<\/a><\/strong><\/p>\n<p><a href=\"https:\/\/ad-aclille.fr\/wp-content\/uploads\/2026\/03\/note-n\u00b016-26-03-26.pdf\" target=\"_blank\"><img loading=\"lazy\" decoding=\"async\" class=\"size-medium wp-image-1504 aligncenter\" src=\"https:\/\/ad-aclille.fr\/wp-content\/uploads\/2026\/03\/note-n\u00b016-26-03-26.jpg\" alt=\"\" width=\"212\" height=\"300\" \/><\/a><br \/>\n<\/br><\/p>\n<p style=\"text-align: center;\"><strong><a href=\"https:\/\/ad-aclille.fr\/wp-content\/uploads\/2026\/02\/Note-AD-n\u00b0-15-du-03-fevrier-2026.pdf\" target=\"_blank\">Note d&rsquo;information n\u00b0 15 du 03 f\u00e9vrier 2026<\/a><\/strong><\/p>\n<p><a href=\"https:\/\/ad-aclille.fr\/wp-content\/uploads\/2026\/02\/Note-AD-n\u00b0-15-du-03-fevrier-2026.pdf\" target=\"_blank\"><img loading=\"lazy\" decoding=\"async\" class=\"size-medium wp-image-1504 aligncenter\" src=\"https:\/\/ad-aclille.fr\/wp-content\/uploads\/2026\/02\/Note-AD-n\u00b0-15-du-03-fevrier-2026.jpg\" alt=\"\" width=\"212\" height=\"300\" \/><\/a><\/p>\n<p style=\"text-align: center;\"><strong><a href=\"https:\/\/ad-aclille.fr\/wp-content\/uploads\/2026\/01\/Note-AD-n\u00b0-14-du-12-janvier-2026.pdf\" target=\"_blank\">Note d&rsquo;information n\u00b0 14 du 12 janvier 2026<\/a><\/strong><\/p>\n<p><a href=\"https:\/\/ad-aclille.fr\/wp-content\/uploads\/2026\/01\/Note-AD-n\u00b0-14-du-12-janvier-2026.pdf\" target=\"_blank\"><img loading=\"lazy\" decoding=\"async\" class=\"size-medium wp-image-1504 aligncenter\" src=\"https:\/\/ad-aclille.fr\/wp-content\/uploads\/2026\/01\/Note-AD-n\u00b0-14-du-12-janvier-2026.jpg\" alt=\"\" width=\"212\" height=\"300\" \/><\/a><\/p>\n<p style=\"text-align: center;\"><strong><a href=\"https:\/\/ad-aclille.fr\/wp-content\/uploads\/2026\/01\/Note-AD-n\u00b0-13-du-02-janvier-2026.pdf\" target=\"_blank\">Note d&rsquo;information n\u00b0 13 du 02 janvier 2026<\/a><\/strong><\/p>\n<p><a href=\"https:\/\/ad-aclille.fr\/wp-content\/uploads\/2026\/01\/Note-AD-n\u00b0-13-du-02-janvier-2026.pdf\" target=\"_blank\"><img loading=\"lazy\" decoding=\"async\" class=\"size-medium wp-image-1504 aligncenter\" src=\"https:\/\/ad-aclille.fr\/wp-content\/uploads\/2026\/01\/Note-AD-n\u00b0-13-du-02-janvier-2026.jpg\" alt=\"\" width=\"212\" height=\"300\" \/><\/a><\/p>\n<ul>\n<li><a href=\"https:\/\/ad-aclille.fr\/wp-content\/uploads\/2026\/01\/Reglement-interieur-AD-Lille-au-23-04-2025.pdf\" target=\"_blank\">Pi\u00e8ce jointe : R\u00e8glement int\u00e9rieur acad\u00e9mique<\/a><\/li>\n<li><a href=\"https:\/\/ad-aclille.fr\/wp-content\/uploads\/2026\/01\/Membres-du-Conseil-Syndical-Academique-au-11-11-2025.pdf\" target=\"_blank\">Pi\u00e8ce jointe : Membres du Conseil Syndical Acad\u00e9mique<\/a><\/li>\n<\/ul>\n<p style=\"text-align: center;\"><strong><a href=\"https:\/\/ad-aclille.fr\/wp-content\/uploads\/2025\/11\/OSTIC-Invitation-a-une-reunion-sur-les-conditions-de-travail-des-AESH-et-AED.pdf\" target=\"_blank\">OSTIC Invitation \u00e0 une r\u00e9union sur les conditions de travail des AESH et AED<\/a><\/strong><\/p>\n<p><a href=\"https:\/\/ad-aclille.fr\/wp-content\/uploads\/2025\/11\/OSTIC-Invitation-a-une-reunion-sur-les-conditions-de-travail-des-AESH-et-AED.pdf\" target=\"_blank\"><img loading=\"lazy\" decoding=\"async\" class=\"size-medium wp-image-1504 aligncenter\" src=\"https:\/\/ad-aclille.fr\/wp-content\/uploads\/2025\/11\/OSTIC-Invitation-a-une-reunion-sur-les-conditions-de-travail-des-AESH-et-AED.jpg\" alt=\"\" width=\"212\" height=\"300\" \/><\/a><\/p>\n<p style=\"text-align: center;\"><strong><a href=\"https:\/\/ad-aclille.fr\/wp-content\/uploads\/2025\/11\/Ostic-4-Titularisation-sur-dossier-RQTH.pdf\" target=\"_blank\">Ostic Titularisation sur dossier RQTH(Ostic 4 Lille octobre 2025)<\/a><\/strong><\/p>\n<p><a href=\"https:\/\/ad-aclille.fr\/wp-content\/uploads\/2025\/11\/Ostic-4-Titularisation-sur-dossier-RQTH.pdf\" target=\"_blank\"><img loading=\"lazy\" decoding=\"async\" class=\"size-medium wp-image-1504 aligncenter\" src=\"https:\/\/ad-aclille.fr\/wp-content\/uploads\/2025\/11\/Ostic-4-Titularisation-sur-dossier-RQTH.jpg\" alt=\"\" width=\"212\" height=\"300\" \/><\/a><\/p>\n<p style=\"text-align: center;\"><strong><a href=\"https:\/\/ad-aclille.fr\/wp-content\/uploads\/2025\/11\/Ostic-3-Des-raisons-desperer-V2_tous-corps.pdf\" target=\"_blank\">Ostic Des raisons d&rsquo;esp\u00e9rer tous corps (Ostic 3 Lille octobre 2025)<\/a><\/strong><\/p>\n<p><a href=\"https:\/\/ad-aclille.fr\/wp-content\/uploads\/2025\/11\/Ostic-3-Des-raisons-desperer-V2_tous-corps.pdf\" target=\"_blank\"><img loading=\"lazy\" decoding=\"async\" class=\"size-medium wp-image-1504 aligncenter\" src=\"https:\/\/ad-aclille.fr\/wp-content\/uploads\/2025\/11\/Ostic-3-Des-raisons-desperer-V2_tous-corps.jpg\" alt=\"\" width=\"212\" height=\"300\" \/><\/a><\/p>\n<p style=\"text-align: center;\"><strong><a href=\"https:\/\/ad-aclille.fr\/wp-content\/uploads\/2025\/11\/Ostic-2-Reunion-PE-V2-Vincent.pdf\" target=\"_blank\">Ostic 2 R\u00e9union Professeurs des Ecoles (Ostic 2 Lille octobre 2025)<\/a><\/strong><\/p>\n<p><a href=\"https:\/\/ad-aclille.fr\/wp-content\/uploads\/2025\/11\/Ostic-2-Reunion-PE-V2-Vincent.pdf\" target=\"_blank\"><img loading=\"lazy\" decoding=\"async\" class=\"size-medium wp-image-1504 aligncenter\" src=\"https:\/\/ad-aclille.fr\/wp-content\/uploads\/2025\/11\/Ostic-2-Reunion-PE-V2.jpg\" alt=\"\" width=\"212\" height=\"300\" \/><\/a><\/p>\n<p style=\"text-align: center;\"><strong><a href=\"https:\/\/ad-aclille.fr\/wp-content\/uploads\/2025\/11\/Ostic-1-PE-septembre-2025.pdf\" target=\"_blank\">Ostic 1 Professeurs des Ecoles (Ostic 1 Lille septembre 2025)<\/a><\/strong><\/p>\n<p><a href=\"https:\/\/ad-aclille.fr\/wp-content\/uploads\/2025\/11\/Ostic-1-PE-septembre-2025.pdf\" target=\"_blank\"><img loading=\"lazy\" decoding=\"async\" class=\"size-medium wp-image-1504 aligncenter\" src=\"https:\/\/ad-aclille.fr\/wp-content\/uploads\/2025\/11\/Ostic-1-PE-septembre-2025.jpg\" alt=\"\" width=\"212\" height=\"300\" \/><\/a><\/p>\n<p><a href=\"https:\/\/ad-aclille.fr\/index.php\/notes-ad\/\">Anciennes Notes Action &#038; D\u00e9mocratie LILLE : <strong>ICI<\/strong><\/a><\/p>\n","protected":false},"excerpt":{"rendered":"<p>Note d&rsquo;information n\u00b0 16 du 23 mars 2026 Note d&rsquo;information n\u00b0 15 du 03 f\u00e9vrier 2026 Note d&rsquo;information n\u00b0 14<\/p>\n","protected":false},"author":3,"featured_media":0,"parent":0,"menu_order":0,"comment_status":"closed","ping_status":"closed","template":"","meta":{"footnotes":""},"class_list":["post-314","page","type-page","status-publish","hentry","comments-off"],"_links":{"self":[{"href":"https:\/\/ad-aclille.fr\/index.php\/wp-json\/wp\/v2\/pages\/314","targetHints":{"allow":["GET"]}}],"collection":[{"href":"https:\/\/ad-aclille.fr\/index.php\/wp-json\/wp\/v2\/pages"}],"about":[{"href":"https:\/\/ad-aclille.fr\/index.php\/wp-json\/wp\/v2\/types\/page"}],"author":[{"embeddable":true,"href":"https:\/\/ad-aclille.fr\/index.php\/wp-json\/wp\/v2\/users\/3"}],"replies":[{"embeddable":true,"href":"https:\/\/ad-aclille.fr\/index.php\/wp-json\/wp\/v2\/comments?post=314"}],"version-history":[{"count":314,"href":"https:\/\/ad-aclille.fr\/index.php\/wp-json\/wp\/v2\/pages\/314\/revisions"}],"predecessor-version":[{"id":2717,"href":"https:\/\/ad-aclille.fr\/index.php\/wp-json\/wp\/v2\/pages\/314\/revisions\/2717"}],"wp:attachment":[{"href":"https:\/\/ad-aclille.fr\/index.php\/wp-json\/wp\/v2\/media?parent=314"}],"curies":[{"name":"wp","href":"https:\/\/api.w.org\/{rel}","templated":true}]}}