{"id":27,"date":"2024-05-13T16:01:28","date_gmt":"2024-05-13T14:01:28","guid":{"rendered":"http:\/\/www.ad-aclille.fr\/wordpress\/?page_id=27"},"modified":"2026-01-02T21:34:18","modified_gmt":"2026-01-02T20:34:18","slug":"contact","status":"publish","type":"page","link":"https:\/\/ad-aclille.fr\/index.php\/contact\/","title":{"rendered":"Contacts"},"content":{"rendered":"<div>\n<h2 style=\"text-align: center;\"><span style=\"color: #134b7e;\">Action et D\u00e9mocratie CFE-CGC Lille<\/span><\/h2>\n<p>Vous avez besoin d&rsquo;un renseignement, d&rsquo;un conseil, d&rsquo;une aide ou d&rsquo;un soutien, vous pouvez contacter, de pr\u00e9f\u00e9rence dans l&rsquo;ordre suivant :<\/p>\n<ol>\n<li style=\"list-style-type: none;\">\n<ol>\n<li>Le r\u00e9f\u00e9rent Action et D\u00e9mocratie de votre \u00e9tablissement.<\/li>\n<li><span style=\"color: #000000;\">Le r\u00e9f\u00e9rent Action et D\u00e9mocratie de votre bassin<a style=\"color: #000000;\" href=\"https:\/\/ad-aclille.fr\/wp-content\/uploads\/2024\/11\/Carte-des-bassins-de-lAcademie-de-Lille.pdf\" target=\"_blank\" rel=\"noopener\"> ( lien vers la cartographie des 14 bassins de l&rsquo;acad\u00e9mie de LILLE ).<\/a><\/span><\/li>\n<li><span style=\"color: #000000;\">Un des trois copr\u00e9sidents d\u00e9partementaux du Nord ou du Pas-de-Calais.<\/span><\/li>\n<li><span style=\"color: #000000;\">Un des deux copr\u00e9sidents acad\u00e9miques.<\/span><\/li>\n<\/ol>\n<\/li>\n<\/ol>\n<p><a href=\"https:\/\/ad-aclille.fr\/wp-content\/uploads\/2025\/11\/organigramme-tete-et-referents-2025-2026.pdf\" target=\"_blank\" rel=\"noopener noreferrer\"><img loading=\"lazy\" decoding=\"async\" class=\"aligncenter wp-image-1661\" src=\"https:\/\/ad-aclille.fr\/wp-content\/uploads\/2025\/11\/organigramme-tete-et-referents-2025-2026.jpg\" alt=\"\" width=\"223\" height=\"316\" \/><\/a><\/p>\n<p><strong>Instances A&#038;D acad\u00e9mie de LILLE : <\/strong><a href=\"https:\/\/ad-aclille.fr\/wp-content\/uploads\/2026\/01\/Membres-du-Conseil-Syndical-Academique-au-11-11-2025.pdf\" target=\"_blank\">Membres du Secr\u00e9tariat et Bureau Acad\u00e9mique<\/a><\/p>\n<hr \/>\n<p><strong>L&rsquo;\u00e9quipe de Lille est aussi sur Insta : <\/strong><a href=\"https:\/\/instagram.com\/ad_lille59\" target=\"_blank\" rel=\"noopener\">https:\/\/instagram.com\/ad_lille59<\/a><\/p>\n<p><strong>et \u00e9galement sur Facebook\u00a0: <\/strong><a href=\"http:\/\/www.facebook.com\/action.et.democratie.lille\" target=\"_blank\" rel=\"noopener\">www.facebook.com\/action.et.democratie.lille<\/a><\/p>\n<hr \/>\n<\/div>\n<div>\n<h2 style=\"text-align: center;\"><span style=\"color: #134b7e;\">Action et D\u00e9mocratie CFE-CGC National<\/span><\/h2>\n<p style=\"padding-left: 40px;\"><a href=\"https:\/\/actionetdemocratie.com\/\" target=\"_blank\" rel=\"noopener noreferrer\">Action et D\u00e9mocratie CFE-CGC National<\/a><\/p>\n<\/div>\n<p>&nbsp;<\/p>\n","protected":false},"excerpt":{"rendered":"<p>Action et D\u00e9mocratie CFE-CGC Lille Vous avez besoin d&rsquo;un renseignement, d&rsquo;un conseil, d&rsquo;une aide ou d&rsquo;un soutien, vous pouvez contacter,<\/p>\n","protected":false},"author":3,"featured_media":22,"parent":0,"menu_order":1000,"comment_status":"closed","ping_status":"closed","template":"","meta":{"footnotes":""},"class_list":["post-27","page","type-page","status-publish","has-post-thumbnail","hentry","comments-off"],"_links":{"self":[{"href":"https:\/\/ad-aclille.fr\/index.php\/wp-json\/wp\/v2\/pages\/27","targetHints":{"allow":["GET"]}}],"collection":[{"href":"https:\/\/ad-aclille.fr\/index.php\/wp-json\/wp\/v2\/pages"}],"about":[{"href":"https:\/\/ad-aclille.fr\/index.php\/wp-json\/wp\/v2\/types\/page"}],"author":[{"embeddable":true,"href":"https:\/\/ad-aclille.fr\/index.php\/wp-json\/wp\/v2\/users\/3"}],"replies":[{"embeddable":true,"href":"https:\/\/ad-aclille.fr\/index.php\/wp-json\/wp\/v2\/comments?post=27"}],"version-history":[{"count":63,"href":"https:\/\/ad-aclille.fr\/index.php\/wp-json\/wp\/v2\/pages\/27\/revisions"}],"predecessor-version":[{"id":2631,"href":"https:\/\/ad-aclille.fr\/index.php\/wp-json\/wp\/v2\/pages\/27\/revisions\/2631"}],"wp:featuredmedia":[{"embeddable":true,"href":"https:\/\/ad-aclille.fr\/index.php\/wp-json\/"}],"wp:attachment":[{"href":"https:\/\/ad-aclille.fr\/index.php\/wp-json\/wp\/v2\/media?parent=27"}],"curies":[{"name":"wp","href":"https:\/\/api.w.org\/{rel}","templated":true}]}}