{"id":2155,"date":"2025-03-09T22:08:16","date_gmt":"2025-03-09T21:08:16","guid":{"rendered":"https:\/\/ad-aclille.fr\/?page_id=2155"},"modified":"2025-03-12T22:06:30","modified_gmt":"2025-03-12T21:06:30","slug":"les-declarations-dad","status":"publish","type":"page","link":"https:\/\/ad-aclille.fr\/index.php\/les-declarations-dad\/","title":{"rendered":"Les d\u00e9clarations d&rsquo;A&#038;D"},"content":{"rendered":"<p style=\"text-align: center;\"><strong><a href=\"https:\/\/ad-aclille.fr\/wp-content\/uploads\/2025\/03\/Declaration-CAEN-du-04-mars-2025.pdf\" target=\"_blank\">D\u00e9claration CAEN du 04-03-2025<\/a><\/strong><\/p>\n<p><a href=\"https:\/\/ad-aclille.fr\/wp-content\/uploads\/2025\/03\/Declaration-CAEN-du-04-mars-2025.pdf\" target=\"_blank\"><img loading=\"lazy\" decoding=\"async\" class=\"size-medium wp-image-1504 aligncenter\" src=\"https:\/\/ad-aclille.fr\/wp-content\/uploads\/2025\/03\/Declaration-CAEN-du-04-mars-2025.jpg\" alt=\"\" width=\"212\" height=\"300\" \/><\/a><\/p>\n<p style=\"text-align: center;\"><strong><a href=\"https:\/\/ad-aclille.fr\/wp-content\/uploads\/2025\/03\/Declaration-CAPA-Contestation-Ultime-des-appreciations-2025.pdf\" target=\"_blank\">D\u00e9claration CAPA Contestation Ultime des appr\u00e9ciations du 04-02-2025<\/a><\/strong><\/p>\n<p><a href=\"https:\/\/ad-aclille.fr\/wp-content\/uploads\/2025\/03\/Declaration-CAPA-Contestation-Ultime-des-appreciations-2025.pdf\" target=\"_blank\"><img loading=\"lazy\" decoding=\"async\" class=\"size-medium wp-image-1504 aligncenter\" src=\"https:\/\/ad-aclille.fr\/wp-content\/uploads\/2025\/03\/Declaration-CAPA-Contestation-Ultime-des-appreciations-2025.jpg\" alt=\"\" width=\"212\" height=\"300\" \/><\/a><\/p>\n<p style=\"text-align: center;\"><strong><a href=\"https:\/\/ad-aclille.fr\/wp-content\/uploads\/2025\/03\/Declaration-Caen-19-11-2024.pdf\" target=\"_blank\">D\u00e9claration CAEN du 19-11-2024<\/a><\/strong><\/p>\n<p><a href=\"https:\/\/ad-aclille.fr\/wp-content\/uploads\/2025\/03\/Declaration-Caen-19-11-2024.pdf\" target=\"_blank\"><img loading=\"lazy\" decoding=\"async\" class=\"size-medium wp-image-1504 aligncenter\" src=\"https:\/\/ad-aclille.fr\/wp-content\/uploads\/2025\/03\/Declaration-Caen-19-11-2024.jpg\" alt=\"\" width=\"212\" height=\"300\" \/><\/a><\/p>\n","protected":false},"excerpt":{"rendered":"<p>D\u00e9claration CAEN du 04-03-2025 D\u00e9claration CAPA Contestation Ultime des appr\u00e9ciations du 04-02-2025 D\u00e9claration CAEN du 19-11-2024<\/p>\n","protected":false},"author":3,"featured_media":0,"parent":0,"menu_order":0,"comment_status":"closed","ping_status":"closed","template":"","meta":{"footnotes":""},"class_list":["post-2155","page","type-page","status-publish","hentry","comments-off"],"_links":{"self":[{"href":"https:\/\/ad-aclille.fr\/index.php\/wp-json\/wp\/v2\/pages\/2155","targetHints":{"allow":["GET"]}}],"collection":[{"href":"https:\/\/ad-aclille.fr\/index.php\/wp-json\/wp\/v2\/pages"}],"about":[{"href":"https:\/\/ad-aclille.fr\/index.php\/wp-json\/wp\/v2\/types\/page"}],"author":[{"embeddable":true,"href":"https:\/\/ad-aclille.fr\/index.php\/wp-json\/wp\/v2\/users\/3"}],"replies":[{"embeddable":true,"href":"https:\/\/ad-aclille.fr\/index.php\/wp-json\/wp\/v2\/comments?post=2155"}],"version-history":[{"count":4,"href":"https:\/\/ad-aclille.fr\/index.php\/wp-json\/wp\/v2\/pages\/2155\/revisions"}],"predecessor-version":[{"id":2166,"href":"https:\/\/ad-aclille.fr\/index.php\/wp-json\/wp\/v2\/pages\/2155\/revisions\/2166"}],"wp:attachment":[{"href":"https:\/\/ad-aclille.fr\/index.php\/wp-json\/wp\/v2\/media?parent=2155"}],"curies":[{"name":"wp","href":"https:\/\/api.w.org\/{rel}","templated":true}]}}