{"id":1731,"date":"2024-12-23T12:18:20","date_gmt":"2024-12-23T11:18:20","guid":{"rendered":"https:\/\/ad-aclille.fr\/?page_id=1731"},"modified":"2025-04-26T21:58:03","modified_gmt":"2025-04-26T19:58:03","slug":"personnels-administratifs","status":"publish","type":"page","link":"https:\/\/ad-aclille.fr\/index.php\/metiers\/personnels-administratifs\/","title":{"rendered":"Personnels administratifs"},"content":{"rendered":"<ul>\n<li><strong>R\u00e9f\u00e9rents Nationaux<\/strong><br \/>BLAZY Jean-Fran\u00e7ois, DECK Caroline, SIMAO Sandrine et WEISS Alain<\/li>\n<li><strong>R\u00e9f\u00e9rente Acad\u00e9mique<\/strong><br \/>Benadji Marie-France : <a href=\"mailto:marieametisse@hotmail.fr\" target=\"_blank\">marieametisse@hotmail.fr<\/a><\/li>\n<\/ul>\n<ul>\n<li><strong>Statut des Personnels administratifs\u00a0: <\/strong><strong><a href=\"https:\/\/ad-aclille.fr\/wp-content\/uploads\/2025\/04\/Le_metier_d_AAE.pdf\" target=\"_blank\" rel=\"noopener noreferrer\"> Attach\u00e9 d\u2019administration (AAE)<\/a><\/strong><\/li>\n<li><strong>Statut des Personnels administratifs\u00a0: <\/strong><strong><a href=\"https:\/\/ad-aclille.fr\/wp-content\/uploads\/2025\/04\/Le_metier_de_SAENES.pdf\" target=\"_blank\" rel=\"noopener noreferrer\"> \u00catre secr\u00e9taire administratif (SAENES)<\/a><\/strong><\/li>\n<li><strong>Statut des Personnels administratifs\u00a0: <\/strong><strong><a href=\"https:\/\/ad-aclille.fr\/wp-content\/uploads\/2025\/04\/Le_metier_d_ADJAENES.pdf\" target=\"_blank\" rel=\"noopener noreferrer\"> \u00catre adjoint administratif (ADJAENES)<\/a><\/strong><\/li>\n<\/ul>\n<ul>\n<li><strong>Le guide juridique des Personnels administratifs : <a href=\"https:\/\/ad-aclille.fr\/wp-content\/uploads\/2024\/12\/fiche_13_guide_juridique_35443.pdf\" target=\"_blank\">fiche_13_guide_juridique_35443<\/a><\/strong><\/li>\n<li><strong>Revendications des administratifs : <a href=\"https:\/\/ad-aclille.fr\/wp-content\/uploads\/2025\/01\/REVENDICATIONS-DES-ADMINISTRATIFS.pdf\" target=\"_blank\">Les conditions de travail des personnels administratifs se d\u00e9gradent &#8230;<\/a><\/strong><\/li>\n<\/ul>\n","protected":false},"excerpt":{"rendered":"<p>R\u00e9f\u00e9rents NationauxBLAZY Jean-Fran\u00e7ois, DECK Caroline, SIMAO Sandrine et WEISS Alain R\u00e9f\u00e9rente Acad\u00e9miqueBenadji Marie-France : marieametisse@hotmail.fr Statut des Personnels administratifs\u00a0: Attach\u00e9<\/p>\n","protected":false},"author":3,"featured_media":0,"parent":134,"menu_order":0,"comment_status":"closed","ping_status":"closed","template":"","meta":{"footnotes":""},"class_list":["post-1731","page","type-page","status-publish","hentry","comments-off"],"_links":{"self":[{"href":"https:\/\/ad-aclille.fr\/index.php\/wp-json\/wp\/v2\/pages\/1731","targetHints":{"allow":["GET"]}}],"collection":[{"href":"https:\/\/ad-aclille.fr\/index.php\/wp-json\/wp\/v2\/pages"}],"about":[{"href":"https:\/\/ad-aclille.fr\/index.php\/wp-json\/wp\/v2\/types\/page"}],"author":[{"embeddable":true,"href":"https:\/\/ad-aclille.fr\/index.php\/wp-json\/wp\/v2\/users\/3"}],"replies":[{"embeddable":true,"href":"https:\/\/ad-aclille.fr\/index.php\/wp-json\/wp\/v2\/comments?post=1731"}],"version-history":[{"count":14,"href":"https:\/\/ad-aclille.fr\/index.php\/wp-json\/wp\/v2\/pages\/1731\/revisions"}],"predecessor-version":[{"id":2248,"href":"https:\/\/ad-aclille.fr\/index.php\/wp-json\/wp\/v2\/pages\/1731\/revisions\/2248"}],"up":[{"embeddable":true,"href":"https:\/\/ad-aclille.fr\/index.php\/wp-json\/wp\/v2\/pages\/134"}],"wp:attachment":[{"href":"https:\/\/ad-aclille.fr\/index.php\/wp-json\/wp\/v2\/media?parent=1731"}],"curies":[{"name":"wp","href":"https:\/\/api.w.org\/{rel}","templated":true}]}}