{"id":1729,"date":"2024-12-23T12:16:26","date_gmt":"2024-12-23T11:16:26","guid":{"rendered":"https:\/\/ad-aclille.fr\/?page_id=1729"},"modified":"2025-05-08T10:05:52","modified_gmt":"2025-05-08T08:05:52","slug":"metiers-professeur-des-ecoles","status":"publish","type":"page","link":"https:\/\/ad-aclille.fr\/index.php\/metiers\/metiers-professeur-des-ecoles\/","title":{"rendered":"Professeur des Ecoles"},"content":{"rendered":"<ul>\n<li><strong>R\u00e9f\u00e9rents Nationaux<\/strong><br \/>BOUREZ Nicolas, DONNETTE Martine et FAUCHER Matthieu<\/li>\n<li><strong>R\u00e9f\u00e9rente Acad\u00e9mique<\/strong><\/br>Matthieu SKRZYPCZAK : <a href=\"mailto:matzak79@gmail.com\" target=\"_blank\">matzak79@gmail.com<\/a><\/br> St\u00e9phane AVRIL : <a href=\"mailto:stephaneavril.adlille@gmail.com\" target=\"_blank\">stephaneavril.adlille@gmail.com<\/a><\/li>\n<\/ul>\n<ul>\n<li><strong>Conditions de travail des Professeurs des Ecoles\u00a0: <\/strong><strong><a href=\"https:\/\/ad-aclille.fr\/wp-content\/uploads\/2025\/01\/Professeurs-des-ecoles-Laissez-nous-juste-faire-notre-metier.pdf\" target=\"_blank\" rel=\"noopener noreferrer\">Laissez-nous juste faire notre m\u00e9tier &#8230;<\/a><\/strong><\/li>\n<li><strong>Ostic Professeurs des Ecoles\u00a0: <\/strong><strong><a href=\"https:\/\/ad-aclille.fr\/wp-content\/uploads\/2025\/05\/Ostic-PE-mai-2025.pdf\" target=\"_blank\" rel=\"noopener noreferrer\">Professeur des \u00e9coles : un corps sacrifi\u00e9 ?<\/a><\/strong><\/li>\n<\/ul>\n<ul>\n<p><strong><code style=\"padding-left: 80px;\"><\/code>Introduction :<\/strong><br \/>\n<code style=\"padding-left: 40px;\"><\/code>Bienvenue dans l\u2019espace des professeurs des \u00e9coles d\u2019Action &#038; D\u00e9mocratie, vous trouverez ci-dessous diff\u00e9rentes informations class\u00e9es par rubriques.<br \/>\nNous sommes une \u00e9quipe d\u2019enseignants \u00e0 votre \u00e9coute pour vous aider \u00e0 r\u00e9soudre vos probl\u00e8mes, d\u2019ordre professionnel ou de mal \u00eatre personnel.<\/p>\n<p><strong><code style=\"padding-left: 80px;\"><\/code>Nos revendications principales :<\/strong><\/p>\n<li>D\u00e9fendre notre libert\u00e9 p\u00e9dagogique.<\/li>\n<li>Consacrer notre temps de travail \u00e0 nos \u00e9l\u00e8ves et moins du point de vue administratif.<\/li>\n<li>Pour les 20 \u00e9l\u00e8ves par classe dans toutes les \u00e9coles.<\/li>\n<li>D\u00e9fendre l\u2019enseignement de sp\u00e9cialit\u00e9.<\/li>\n<li>Pour de vraie porte de sortie afin de faciliter la reconversion.<\/li>\n<li>Une juste r\u00e9mun\u00e9ration et un temps de travail reconnu.<\/li>\n<li>Sauvegarder le bien-\u00eatre au travail. Rendre le climat scolaire serein.<\/li>\n<\/ul>\n<ul>\n<p><strong><code style=\"padding-left: 80px;\"><\/code>Documents administratifs :<\/strong><\/p>\n<li><strong>Statut PE\u00a0: <\/strong><strong><a href=\"https:\/\/www.legifrance.gouv.fr\/loda\/id\/JORFTEXT000000350637\" target=\"_blank\" rel=\"noopener noreferrer\">D\u00e9cret n\u00b090-680 du 1 ao\u00fbt 1990 relatif au statut particulier des professeurs des \u00e9coles<\/a><\/strong><\/li>\n<li><strong><a href=\"https:\/\/ad-aclille.fr\/index.php\/metiers\/professeur-des-ecoles-documents-administratifs\/\">Divers autres documents administratifs<\/a><\/strong><\/li>\n<\/ul>\n","protected":false},"excerpt":{"rendered":"<p>R\u00e9f\u00e9rents NationauxBOUREZ Nicolas, DONNETTE Martine et FAUCHER Matthieu R\u00e9f\u00e9rente Acad\u00e9miqueMatthieu SKRZYPCZAK : matzak79@gmail.com St\u00e9phane AVRIL : stephaneavril.adlille@gmail.com Conditions de travail<\/p>\n","protected":false},"author":3,"featured_media":0,"parent":134,"menu_order":0,"comment_status":"closed","ping_status":"closed","template":"","meta":{"footnotes":""},"class_list":["post-1729","page","type-page","status-publish","hentry","comments-off"],"_links":{"self":[{"href":"https:\/\/ad-aclille.fr\/index.php\/wp-json\/wp\/v2\/pages\/1729","targetHints":{"allow":["GET"]}}],"collection":[{"href":"https:\/\/ad-aclille.fr\/index.php\/wp-json\/wp\/v2\/pages"}],"about":[{"href":"https:\/\/ad-aclille.fr\/index.php\/wp-json\/wp\/v2\/types\/page"}],"author":[{"embeddable":true,"href":"https:\/\/ad-aclille.fr\/index.php\/wp-json\/wp\/v2\/users\/3"}],"replies":[{"embeddable":true,"href":"https:\/\/ad-aclille.fr\/index.php\/wp-json\/wp\/v2\/comments?post=1729"}],"version-history":[{"count":23,"href":"https:\/\/ad-aclille.fr\/index.php\/wp-json\/wp\/v2\/pages\/1729\/revisions"}],"predecessor-version":[{"id":2267,"href":"https:\/\/ad-aclille.fr\/index.php\/wp-json\/wp\/v2\/pages\/1729\/revisions\/2267"}],"up":[{"embeddable":true,"href":"https:\/\/ad-aclille.fr\/index.php\/wp-json\/wp\/v2\/pages\/134"}],"wp:attachment":[{"href":"https:\/\/ad-aclille.fr\/index.php\/wp-json\/wp\/v2\/media?parent=1729"}],"curies":[{"name":"wp","href":"https:\/\/api.w.org\/{rel}","templated":true}]}}